(m) = -7*m**3 - 12*m**2 + m - 5. Let u(f) = -3*f**3 - 6*f**2 + f - 2. Let y(p) = 4*s(p) - 9*u(p). Determine y(g).
-2
Let i(p) = -p - 4. Let v(u) be the third derivative of -u**4/8 - 7*u**3/6 + u**2. Let z(c) = 5*i(c) - 2*v(c). Give z(6).
0
Let h(k) = k**2 - k. Let z(a) = a - 7. Let u be z(6). What is h(u)?
2
Let m(p) = -p**2 + p. Suppose 3*d - 3 = -14*z + 10*z, -2*z + 4*d + 18 = 0. Calculate m(z).
-6
Let j(w) be the second derivative of -w**4/12 + w**3/3 - 3*w**2/2 - 2*w. Give j(2).
-3
Let x(v) = v - 1 - 6 + 5 + 0*v. Calculate x(5).
3
Let w(g) = g**2 - 4*g. Let a(m) = -m**3 - 4*m**2 + 5*m + 5. Let x be a(-5). Let q(b) = 2*b - 6. Let h be q(x). Determine w(h).
0
Let m(z) = 4*z - 3. Let d(n) = 12*n - 9. Let s(w) = -4*d(w) + 11*m(w). What is s(2)?
-5
Suppose 3*m = 3*o - 3, 0 = -m - 5*o + 2 + 9. Let v(i) = -2*i - 1. Calculate v(m).
-3
Let m(q) be the first derivative of -q**4/4 - 7*q**3/3 - 5*q**2/2 + 6*q + 24. Calculate m(-6).
0
Let r = 10 - 0. Let y(t) = 1 - 5 - t + 4 - r*t**2. What is y(-1)?
-9
Let p(k) = k**2 - 3. Let i(s) = -s**2 - 5*s - 2. Let q be i(-3). Let f(v) = v**2 - 4. Let z(c) = q*f(c) - 5*p(c). Give z(-1).
-2
Suppose -6*i + 4 + 8 = 0. Let y(p) be the first derivative of -4*p - i + 1/2*p**2. Give y(3).
-1
Let o(i) = 173*i - 172*i + 3 + 0 - i**3 + 6*i**2. Calculate o(6).
9
Let r(a) = -33*a + 43*a**3 - 28*a**3 + 32*a. What is r(1)?
14
Let v(x) = -x**2 + 3*x - 2. Let k be v(3). Let u(j) be the second derivative of j**4/4 + j**3/3 + j**2/2 - 5*j. Calculate u(k).
9
Let h(j) = -j**3 - 6*j**2 - 8*j - 12. Let i be h(-5). Let r(w) be the third derivative of 0*w - 3*w**2 + 1/24*w**4 + 0 - 1/3*w**i. What is r(3)?
1
Let f = -3 + 4. Let s(p) = 0 + 4 - p + f. Let v(l) = l - 6. Let j be v(6). Determine s(j).
5
Let x(v) = 2*v + 5. Let l(d) = 11*d**3 - 3*d**2 - 5*d - 11. Let z(s) = -7*s**3 + 2*s**2 + 3*s + 7. Let c(g) = 5*l(g) + 8*z(g). Let t be c(2). Calculate x(t).
-5
Let r(y) = y + 6. Let x(s) = -9*s + 30. Let p be x(4). What is r(p)?
0
Let v be 6/(-9) + 136/(-102). Let n(t) = -4*t**2 + 2 + 2*t**2 + t + 3*t**2. Give n(v).
4
Let d(a) be the second derivative of -a**3/6 + 3*a**2 - 14*a. Calculate d(3).
3
Let v be (-21)/(-6) - 2/(-4). Let q(m) = 3*m - 5 + v + 8. Determine q(-5).
-8
Let k(h) = 19*h**2 + 10*h + 5. Let d(i) = -4*i**2 - 2*i - 1. Let b(c) = 11*d(c) + 2*k(c). Give b(-1).
-5
Let x(u) = -65*u - 7*u**2 + 67*u + 4*u**2 + 1. Let q(z) = -z**3 - 4*z**2 - 1. Let j be q(-4). Calculate x(j).
-4
Let n be 1*-1*-1*-1. Let q(x) = -40 - 2*x**2 + 0*x + 40 - x + 6*x**3. Give q(n).
-7
Let h(n) = -17*n**2 + 8*n + 3. Let l(m) = 6*m**2 - 3*m - 1. Let d(c) = -4*h(c) - 11*l(c). Calculate d(1).
2
Let d(h) = -h**2 + 3. Let v(y) be the third derivative of 0*y + 0 + 1/60*y**5 + 1/2*y**3 - 1/4*y**4 + y**2. Let z be v(6). Calculate d(z).
-6
Let b(r) be the first derivative of 2*r**2 + 3*r - 1. Let w(q) = q**3 + 8*q**2 - q - 1. Let d be w(-8). Suppose 2*p - 3 = -d. Give b(p).
-5
Let f = 2 + 1. Let k(s) = -3*s**3 + 2*s**3 - 2*s**3 + 5*s**f - 4*s**2 + 2*s + 2. Determine k(2).
6
Let u(k) = k + 5. Let q be u(-4). Let g(h) = -h**3 - 6*h - 1. Let l(f) = -f**3 - 7*f - 1. Let o(i) = -7*g(i) + 6*l(i). Calculate o(q).
2
Suppose -4*x + 20 = 4*a, 0*x = 2*a - 3*x - 25. Suppose 4*y = -0*y + 4*k, -4*k = 4*y + a. Let h(q) = 4*q - 1. Calculate h(y).
-5
Let w(i) = i - 8. Let c = 11 + -4. What is w(c)?
-1
Let b be (12 - 0)*3/4. Let k = b + -6. Let d(a) = -2*a**k - a + 1 - 11*a**2 + 10*a**2 + 0*a**3. Determine d(1).
-3
Let p = -1 - 0. Let l(y) be the third derivative of -7*y**5/60 + y**4/12 + y**3/6 - 6*y**2. Determine l(p).
-8
Let m(o) = -3 + 2*o**2 + o**3 - 5*o**2 + 7*o**2 + 3*o + 4. Suppose -a + 12 = -5*a. Determine m(a).
1
Let l(f) = f + 4. Let y be 1 - (2 - (-1)/1). Let x be l(y). Let a(v) = -3*v + v - v + x*v - 1. Give a(4).
-5
Let n(w) be the first derivative of -w**3/3 - 9*w**2/2 - w - 11. Determine n(-8).
7
Let p(o) = -o**3 - 5*o**2 - 4*o + 3. Let y be 2*-1*(2 - 0). Let i be p(y). Let w(s) = i + 5*s + s - 5*s. Calculate w(-3).
0
Suppose 0 = -0*x - x - 1. Let y be x + 1 + -1 + 5. Let z(h) = -2 + 2*h + 2*h - y + 5 - 2*h**2. What is z(3)?
-7
Suppose 0*r = -4*r. Let z(p) = -p + 3. Let m be z(r). Let q(a) = -6*a**2 + 4*a**2 + 3*a + a. Calculate q(m).
-6
Let v be 3 - -2 - 2 - -2. Let b(i) = -i**2 + 12*i + 1. Let g be 2/(-1)*(-10)/(-4). Let c(t) = t. Let m(n) = g*c(n) + b(n). What is m(v)?
11
Suppose -4*n = 21 + 3. Let f(m) = -9*m - 3. Let b(g) = -26*g - 9. Let u(k) = n*b(k) + 17*f(k). Let t(y) = y + 1. Let c(z) = -10*t(z) + 4*u(z). Determine c(-2).
-2
Let i(j) = 2*j**2 - 3. Let r be i(2). Let c(s) be the second derivative of s**3/6 - s**2 + s. Determine c(r).
3
Let d(p) = -p. Suppose -2*m = -34 + 14. Suppose 0 = 4*w + 6 + m. Determine d(w).
4
Let u(z) = -4*z + 114. Let f be u(30). Let a(p) = 11*p**3 + 10*p**2 - p - 11. Let m(x) = -5*x**3 - 5*x**2 + x + 5. Let l(n) = -4*a(n) - 9*m(n). What is l(f)?
-7
Let h(s) = s**3 - 2*s**2 + s - 2. Let a be h(2). Let m = 1 - a. Let q be (0 - 0)*m/(-2). Let i(z) = z**3 - 1. What is i(q)?
-1
Let c(b) = 16*b**3 + 9*b**2 - 11*b + 13. Let d(y) = 5*y**2 - 4*y**3 - 6*y + 0 + 7 + 12*y**3. Let j(a) = 6*c(a) - 11*d(a). Determine j(-1).
-8
Let a = 13 + -14. Let q(k) = 5*k**2 + k**2 + 1 + k**2 + 0*k**2. Calculate q(a).
8
Let u(r) = -r**2 - 3*r - 2. Let w = -4 + 6. Suppose 5*k - 4 = -w*t, 4*t = -0*k + 5*k + 8. Suppose -5*h + 2*g - 11 = 0, 2*h = -t*g - 6 - 4. Give u(h).
-2
Suppose 8*x + 5 = 3*x. Let d = x + 0. Let n be 34/6 - d/3. Let v(k) = -k**3 + 5*k**2 + 8*k - 7. Determine v(n).
5
Let f(o) be the third derivative of 2*o**5/15 - o**3/6 + 6*o**2. Give f(-1).
7
Suppose -t = -5*m + 15, 3*m + 3*t = 4*t + 7. Let h(a) = a - m + 4. Determine h(-1).
-1
Let i = -17 - -14. Let s(n) be the first derivative of n**3/3 - 2*n + 1. Give s(i).
7
Let z(u) = u**3 - 4*u**2 + u - 3. Let x be z(4). Let v(l) = 61 + 2*l - 3*l + 8*l**2 - 60. What is v(x)?
8
Let r be 3*((-6)/9 + 0). Let x be (r/(-4)*0)/2. Let y(b) = b + 1. Let l(q) = 2*q + 3. Let g(k) = -l(k) + 3*y(k). Determine g(x).
0
Let d(v) = -69*v + 2*v**2 + 70*v - v**2. What is d(3)?
12
Let l(n) be the second derivative of n**3/3 - n**2/2 + 2*n. Determine l(-6).
-13
Let l(a) = -a + 7. Let r be l(9). Let p(w) = 2*w**2 + 3*w + 2. Determine p(r).
4
Let o(v) = 2*v**2 - 13*v - 6. Let h(z) = -2*z + 7. Let l be h(9). Let u(w) = 4*w**2 - 25*w - 11. Let r(t) = l*o(t) + 6*u(t). What is r(5)?
15
Let a(x) = 2*x**2 + 2*x**3 + 0*x**2 - x**3. Let l(r) be the third derivative of -r**5/60 - 5*r**4/24 + r**3/2 - r**2. Let u be l(-6). Calculate a(u).
-9
Let n(c) be the first derivative of -c**4/12 + 2*c**3/3 - 5*c**2/2 - 2*c - 3. Let q(l) be the first derivative of n(l). Calculate q(4).
-5
Let j(u) = -u**2 + 3*u + 4. Let n(c) = -7*c - 8. Let v(s) = 6*s + 7. Let r(o) = 2*n(o) + 3*v(o). Let q(a) = -5*j(a) + 4*r(a). What is q(-1)?
4
Let c(r) = -2*r**3 - r**2 + r - 1. Suppose 9*f + 20 = 13*f. Suppose f*v - 2*i = 7, -2*i - 5 = -v - 2. What is c(v)?
-3
Let y(q) = q + 3. Let r be 3 - ((-6)/(-2) + -9). Suppose r = 3*i - 3. Give y(i).
7
Let i(y) = y**2 - 247*y + 489*y + 3 - 244*y. Calculate i(2).
3
Let u = 6 + -4. Let q(n) = 2*n**2 + 0 - n**u - 1 + 3*n. Let z be (-2 + 3)*(-1 + -2). Calculate q(z).
-1
Let d(l) = 129 - 255 + 2*l + 127. Let f = 4 - 6. Give d(f).
-3
Let l be (-4)/(-2)*(0 - -1). Let b(t) = t**2 + t + 1. Let y(m) = -m**2 - 3*m - 1. Suppose 5*w = -6 + 1. Let h(d) = w*y(d) - 2*b(d). Determine h(l).
-3
Suppose l + 3*u = 0, 8 = -3*l + 2*u - 3. Let b(j) = -2*j - 4. Let c(t) = -t - 1. Let w(m) = b(m) - 4*c(m). What is w(l)?
-6
Suppose q + k = -4, 6*k - 3*k = 3*q. Let i(g) = g. Give i(q).
-2
Let u(s) be the third derivative of -3*s**4/8 + s**3/6 - 7*s**2. What is u(-1)?
10
Let a = -21 - -14. Let t(s) = -4*s + 1. Let c be t(-1). Let m = a + c. Let p(l) = l**3 + 3*l**2 + 4*l + 2. What is p(m)?
-2
Suppose -2*n = -4*o + 2, o - 8 + 24 = -5*n. Let s(k) be the second derivative of k**5/20 + k**4/4 - k**3/6 - 2*k**2 - k. Determine s(n).
-1
Suppose -3*b = 4*v - 8, 2*b = b - 3*v + 6. Let l(r) = 9*r**3 - 2*r**2 + 2*r - 13. Let h(c) = -4*c**3 + c**2 - c + 7. Let m(o) = 7*h(o) + 3*l(o). Give m(b).
10
Let q(v) be the second derivative of -1/20*v**5 + 0 - v**2 + 5/12*v**4 - 3*v - 2/3*v**3. Give q(4).
-2
Suppose 3*c - 9 = u - 2*u, 4*u - 4*c + 12 = 0. Suppose 0 = 5